{"id":24,"date":"2019-05-21T09:09:47","date_gmt":"2019-05-21T07:09:47","guid":{"rendered":"http:\/\/gis.kreis-steinfurt.de\/wordpress\/?page_id=24"},"modified":"2025-10-20T13:47:46","modified_gmt":"2025-10-20T11:47:46","slug":"ziele-organisaton","status":"publish","type":"page","link":"https:\/\/geonetzwerk-muensterland.de\/?page_id=24","title":{"rendered":"Ziele &#038; Organisaton"},"content":{"rendered":"\n<p>Das Geonetzwerk M\u00fcnsterland ist ein Zusammenschluss von Institutionen  und Unternehmen des M\u00fcnsterlandes, die sich mit der Bereitstellung und  Verarbeitung von Geoinformationen befassen. Ziel des Netzwerkes ist die  St\u00e4rkung der Zusammenarbeit in der Region und die Schaffung von  Aufmerksamkeit f\u00fcr die besonderen Kompetenzen im M\u00fcnsterland im Bereich  der Geoinformationen. <\/p>\n\n\n\n<h2 class=\"wp-block-heading\">Unsere Ziele<\/h2>\n\n\n\n<p>Ziel des Geonetzwerkes ist die Etablierung des M\u00fcnsterlandes als Kompetenzregion im Bereich der Geoinformationswirtschaft durch:<\/p>\n\n\n\n<ul>\n<li>die Vernetzung der Akteure aus Verwaltung, Wirtschaft und Wissenschaft<\/li>\n\n\n\n<li>den fachlichen Austausch und regionalen Technologietransfer<\/li>\n\n\n\n<li>gemeinsame Projekte zur Entwicklung innovativer L\u00f6sungen f\u00fcr die Bereitstellung und Nutzung von Geoinformationen<\/li>\n\n\n\n<li>die Schaffung von \u00f6ffentlichem Bewusstsein f\u00fcr die vielf\u00e4ltigen Anwendungsbereiche von Geodaten und -informationen<\/li>\n\n\n\n<li>ein gezieltes Marketing und Vermittlung von Ansprechpartnern f\u00fcr die Geokompetenzen der Region<\/li>\n<\/ul>\n\n\n\n<h2 class=\"wp-block-heading\">Lenkungskreis<\/h2>\n\n\n\n<p>Das Geonetzwerk M\u00fcnsterland hat einen Lenkungskreis, der als Ansprechpartner und Organisator des Netzwerkes fungiert. Diesem Lenkungskreis geh\u00f6rten aktuell an:<\/p>\n\n\n\n<ul>\n<li><a href=\"mailto: s.walzog@kreis-borken.de\">Sebastian Walzog<\/a> (Kreis Borken): +4928616816300<\/li>\n\n\n\n<li><a href=\"mailto: c.kirchhoff@esri.de\">Christoph Kirchhoff<\/a> (Esri Deutschland GmbH): +49892070051463 <\/li>\n\n\n\n<li><a href=\"mailto: wever@topscan.de\">Christian Wever<\/a> (Topscan): +495971948030<\/li>\n\n\n\n<li><a href=\"mailto: c.uhlenkueken@conterra.de\">Christoph Uhlenk\u00fcken<\/a> (con terra GmbH): +4925159689441<\/li>\n\n\n\n<li><a href=\"mailto: bartoschek@uni-muenster.de\" data-type=\"mailto\" data-id=\"mailto:\">Thomas Bartoschek<\/a> (ifgi Universit\u00e4t M\u00fcnster): +492518330011<\/li>\n<\/ul>\n\n\n\n<h2 class=\"wp-block-heading\">Mitwirkung<\/h2>\n\n\n\n<p>Das Geonetzwerk steht allen interessierten Institutionen und Unternehmen der Region offen. Voraussetzung zur Mitarbeit ist das Interesse an Geoinformationsthemen und eine aktive Mitarbeit an der Entwicklung des Netzwerkes. Bei Interesse <strong><a href=\"https:\/\/gis.kreis-steinfurt.de\/wordpress\/?page_id=43\">s<\/a><a href=\"mailto: info@geonetzwerk-muensterland.de\">prechen Sie uns bitte an<\/a><a href=\"https:\/\/gis.kreis-steinfurt.de\/wordpress\/?page_id=43\">.<\/a><\/strong><\/p>\n","protected":false},"excerpt":{"rendered":"<p>Das Geonetzwerk M\u00fcnsterland ist ein Zusammenschluss von Institutionen und Unternehmen des M\u00fcnsterlandes, die sich mit der Bereitstellung und Verarbeitung von Geoinformationen befassen. Ziel des&#8230;<\/p>\n","protected":false},"author":2,"featured_media":0,"parent":0,"menu_order":0,"comment_status":"closed","ping_status":"closed","template":"","meta":{"footnotes":""},"_links":{"self":[{"href":"https:\/\/geonetzwerk-muensterland.de\/index.php?rest_route=\/wp\/v2\/pages\/24"}],"collection":[{"href":"https:\/\/geonetzwerk-muensterland.de\/index.php?rest_route=\/wp\/v2\/pages"}],"about":[{"href":"https:\/\/geonetzwerk-muensterland.de\/index.php?rest_route=\/wp\/v2\/types\/page"}],"author":[{"embeddable":true,"href":"https:\/\/geonetzwerk-muensterland.de\/index.php?rest_route=\/wp\/v2\/users\/2"}],"replies":[{"embeddable":true,"href":"https:\/\/geonetzwerk-muensterland.de\/index.php?rest_route=%2Fwp%2Fv2%2Fcomments&post=24"}],"version-history":[{"count":26,"href":"https:\/\/geonetzwerk-muensterland.de\/index.php?rest_route=\/wp\/v2\/pages\/24\/revisions"}],"predecessor-version":[{"id":946,"href":"https:\/\/geonetzwerk-muensterland.de\/index.php?rest_route=\/wp\/v2\/pages\/24\/revisions\/946"}],"wp:attachment":[{"href":"https:\/\/geonetzwerk-muensterland.de\/index.php?rest_route=%2Fwp%2Fv2%2Fmedia&parent=24"}],"curies":[{"name":"wp","href":"https:\/\/api.w.org\/{rel}","templated":true}]}}