{"id":108,"date":"2019-05-22T17:34:03","date_gmt":"2019-05-22T15:34:03","guid":{"rendered":"http:\/\/gis.kreis-steinfurt.de\/wordpress\/?page_id=108"},"modified":"2024-04-03T12:52:34","modified_gmt":"2024-04-03T10:52:34","slug":"geotag-muensterland-2017","status":"publish","type":"page","link":"https:\/\/geonetzwerk-muensterland.de\/?page_id=108","title":{"rendered":"Geotag M\u00fcnsterland 2017"},"content":{"rendered":"\n<p>Der Geotag M\u00fcnsterland 2017 fand am 17.05.2017 im Speicher 10 in der M\u00fcnsteraner Speicherstadt statt. Er stand unter dem Motto \u201c<strong>Digitale Gesellschaft \u2013 Digitaler Wandel<\/strong>\u201c. <\/p>\n\n\n\n<p>F\u00fcr unsere Branche sind sowohl die Effekte der \u201cDigitalisierung\u201d auf  unsere Branche wie auch die m\u00f6glichen Impulse und Beitr\u00e4ge unserer  Branche zum \u201cDigitalen Wandel\u201d von Interesse. <\/p>\n\n\n\n<p>Es geht um neuartige oder ver\u00e4nderte Prozesse und Gesch\u00e4ftsmodelle \nund damit verbundene Produktivit\u00e4tsgewinne. Sie basieren oft auf \nstandardisierten, hochverf\u00fcgbaren und maximal aktuellen Datenbest\u00e4nden, \ndie von und mit in ungeahnter F\u00fclle laufend entstehenden neuen \nTechnologien erzeugt, gepflegt, in Wert gesetzt und \u00fcber \u201cdas Netz\u201d \ngenutzt werden k\u00f6nnen. Ihre oft disruptiven Wirkungen ver\u00e4ndern unser \nVerhalten, unsere Gewohnheiten und auch unsere Branche nachhaltig.<\/p>\n\n\n\n<p>Allerdings, und da liegt auch weiterhin die Herausforderung, steckt  der Teufel nicht nur, wie immer, im Detail sondern in den vielen  Rahmenbedingungen die stimmen, ver\u00e4ndert oder verbessert werden m\u00fcssen,  damit sich die erhofften Wirkungen voll entfalten k\u00f6nnen und kein  ungewollter Schaden entsteht.<\/p>\n\n\n\n<p>So stellt man verwundert fest, dass eine neue Umgehungsstra\u00dfe nicht, \nwie erwartet, angenommen wird, obwohl sie einen Zeitvorteil bietet. Die \nUrsache: noch nicht aktualisierte Navigationsdaten in der \u00fcberwiegenden \nZahl der Fahrzeuge oder das Kriterium: k\u00fcrzeste Strecke. Hinweisschilder\n werden gar nicht mehr gelesen, wenn man nur der Stimme des Navis \ngehorcht. Modernere Konzepte vernetzter Systeme k\u00f6nnen solche M\u00e4ngel \nheben. Onlinebasierte Navigationssysteme sind schon jetzt schneller \naktuell.<\/p>\n\n\n\n<p>UAS bieten vielf\u00e4ltige neue M\u00f6glichkeiten auf dem Feld der Erfassung \nvon Geodaten \u00fcber die polizeiliche Aufkl\u00e4rung und Forensik bis hin zur \nBelieferung in unwegsamen Regionen.<\/p>\n\n\n\n<p>Unser Fahrzeug f\u00fchrt sein digitales Fahrtenbuch und schenkt uns damit Zeit.<\/p>\n\n\n\n<p>Zeit sparen wir auch, wenn wir im Internet bestellen oder Beh\u00f6rdeng\u00e4nge online erledigen.<\/p>\n\n\n\n<p>Der ungehinderte freie Zugang zum Internet wird zum Menschenrecht. \nDie Segnungen der \u201edigitalen Gesellschaft\u201c brauchen Freiheit und Frieden\n aber auch Kontrolle und Schutz, um sich zu entfalten und den Missbrauch\n zu verhindern.<\/p>\n\n\n\n<p>Die Spannbreite des Themas ist gewaltig. Der Geotag M\u00fcnsterland 2017 \nbietet keine 360 Grad Sicht auf das Thema sondern spezifische \nBlickwinkel und Facetten der Aussteller und Vortragenden.<\/p>\n\n\n\n<p>Der Geotag M\u00fcnsterland 2017 bot in bew\u00e4hrtem Format eine \nMomentaufnahme der Geobranche des M\u00fcnsterlandes in der \u201eDigitalen \nGesellschaft\u201c und auf dem Weg dorthin.<\/p>\n\n\n\n<p>Die Vortr\u00e4ge der Referenten stehen im <a href=\"http:\/\/wordpress.geonetzwerk-muensterland.de\/?page_id=229\" data-type=\"page\" data-id=\"229\">Downloadbereich<\/a> zur Verf\u00fcgung.<\/p>\n","protected":false},"excerpt":{"rendered":"<p>Der Geotag M\u00fcnsterland 2017 fand am 17.05.2017 im Speicher 10 in der M\u00fcnsteraner Speicherstadt statt. Er stand unter dem Motto \u201cDigitale Gesellschaft \u2013 Digitaler&#8230;<\/p>\n","protected":false},"author":4,"featured_media":0,"parent":0,"menu_order":0,"comment_status":"closed","ping_status":"closed","template":"","meta":{"footnotes":""},"_links":{"self":[{"href":"https:\/\/geonetzwerk-muensterland.de\/index.php?rest_route=\/wp\/v2\/pages\/108"}],"collection":[{"href":"https:\/\/geonetzwerk-muensterland.de\/index.php?rest_route=\/wp\/v2\/pages"}],"about":[{"href":"https:\/\/geonetzwerk-muensterland.de\/index.php?rest_route=\/wp\/v2\/types\/page"}],"author":[{"embeddable":true,"href":"https:\/\/geonetzwerk-muensterland.de\/index.php?rest_route=\/wp\/v2\/users\/4"}],"replies":[{"embeddable":true,"href":"https:\/\/geonetzwerk-muensterland.de\/index.php?rest_route=%2Fwp%2Fv2%2Fcomments&post=108"}],"version-history":[{"count":6,"href":"https:\/\/geonetzwerk-muensterland.de\/index.php?rest_route=\/wp\/v2\/pages\/108\/revisions"}],"predecessor-version":[{"id":698,"href":"https:\/\/geonetzwerk-muensterland.de\/index.php?rest_route=\/wp\/v2\/pages\/108\/revisions\/698"}],"wp:attachment":[{"href":"https:\/\/geonetzwerk-muensterland.de\/index.php?rest_route=%2Fwp%2Fv2%2Fmedia&parent=108"}],"curies":[{"name":"wp","href":"https:\/\/api.w.org\/{rel}","templated":true}]}}